 v**3 + 7*v**2/2 + 11*v. Is f(-12) composite?
False
Let y(s) = -53*s - 57. Is y(-14) composite?
True
Is ((-6)/9)/((-66)/1580139) a prime number?
False
Let b(x) = x**3. Let j(g) = 5*g**3 + g**2 - g - 145. Let m(u) = 6*b(u) - j(u). Is m(0) composite?
True
Suppose 4*g = 5*y - 2091, 3*y - 3*g = 98 + 1156. Is y composite?
False
Let w = 12 + -15. Let s(d) = 77*d**2 - 8*d - 18. Is s(w) prime?
False
Let d be ((-6)/4*54)/((-12)/(-12)). Let b(o) = 70*o**2 + o + 2. Let u be b(-2). Let q = d + u. Is q composite?
False
Suppose -2*v = 3*u - 11, -u - v + 3*v = -9. Suppose 0 = -x + u*x + 940. Let d = x + 404. Is d prime?
False
Let m = -67 - -89. Let u(b) = 17*b + 27. Is u(m) prime?
True
Suppose -5*v + v + 24 = 0. Let t be v*(-250)/15*-13. Suppose 2065 + t = 5*q. Is q prime?
True
Suppose -3*q + 12685 = 2*u, 3*q - 21125 = -2*q + 5*u. Is q prime?
False
Is ((-65)/10 + 7)*29398 a prime number?
True
Suppose 0 = -j + 13*j - 3012. Is j prime?
True
Suppose 2*v + 2 - 4 = -2*h, -5*h + v + 35 = 0. Let t(z) = 8 + 5 + h*z + z**2 + z - z. Is t(-10) prime?
True
Let o(n) = -4*n + 18*n**2 + 17 - 5*n + 11*n**3 + 0*n + n. Let i(y) = 4*y**3 + 6*y**2 - 3*y + 6. Let m(t) = -8*i(t) + 3*o(t). Is m(-4) composite?
True
Let i = -138 + 41. Let j = 16 - i. Is j a composite number?
False
Let d = 13432 + -6627. Is d a composite number?
True
Let j be 52/(-39) + (-40)/(-3). Suppose b = -j + 139. Is b composite?
False
Suppose -10*w + 39*w - 1263617 = 0. Is w a prime number?
True
Suppose -14*o = -12*o - 28274. Is o composite?
True
Let p be 1/(-3 - (-28)/8). Is 0/p + (-6352)/(-16) composite?
False
Let t(h) = -h**3 + 10*h**2 + 2*h - 1. Let p(i) = i**2 + i - 1. Let f(y) = -3*p(y) + t(y). Let j be f(7). Is ((-82)/(-5))/((-1)/j) a prime number?
False
Let s = 19 + -16. Suppose -4 = 2*a, -a - 9 = -5*b + s. Is ((-1)/b)/((-4)/2056) a prime number?
True
Let z(m) = 233*m - 7. Let n be z(3). Suppose n = u + 2*l - 101, 787 = u - 4*l. Is u prime?
False
Suppose 0 = 4*o - 0*o - z - 28434, -3*o + 21335 = 4*z. Is o a composite number?
False
Let p(h) = 1236*h**2 + 9*h + 10. Is p(-3) prime?
False
Let s = -52194 + 144443. Is s prime?
False
Let u be -4 - (-122)/4*26. Let o = u + -158. Is o prime?
True
Suppose 3*k - 11045 = -2*q, 3*k - 7*k + 14738 = -3*q. Is k prime?
False
Suppose 4*q - 23 + 7 = 0. Suppose 5*j + 369 = 1004. Suppose q*x + j = 5*x. Is x composite?
False
Let s(u) = -u**2 - 14*u + 21. Let m be s(-16). Let z(r) = 5*r**2 - 8*r - 8. Is z(m) composite?
True
Suppose 4*o = 2*x + 83314, 4*o + 4*x - 103218 + 19922 = 0. Is o a composite number?
True
Let c(b) = b**2 - 8*b + 11. Let y be c(7). Suppose 5*p + 5*k - 2080 = 0, 2*p + 5*k - 829 = y*k. Is p a composite number?
True
Suppose 0 = 3*y + c + 78, -2*y - c = c + 56. Let z = y - -17. Is 1106/10 - z/20 a composite number?
True
Suppose -2*v = -4*v - 2*p + 60, 147 = 5*v + 2*p. Let q(h) = -5*h + 6. Let t be q(5). Let y = t + v. Is y prime?
False
Let b be -5 + 2 + (-1 - -6). Let z be b/(-4)*0/(-2). Is z - (84/(-2) + 3) a composite number?
True
Let i(d) = d**3 + 11*d**2 + 9*d - 3. Let o be i(-10). Suppose -a + o*a + 444 = 0. Is (a/6)/((-6)/18) a composite number?
False
Let o be ((-7)/2 + 2)*(-4)/3. Suppose 2*m = 4*r - 3014, -4*m - 18 = o. Is r a composite number?
False
Is ((-1116)/396 - (-4)/(-22)) + 22864 prime?
True
Suppose 6*y - 4*p + 33 = -7*p, 0 = 4*p - 12. Let i(f) be the third derivative of -7*f**4/4 - f**3/6 + 3*f**2. Is i(y) a composite number?
False
Let c = 17 - 14. Suppose 0 = 3*n - c - 3. Suppose 0 = n*q + y + y - 250, 2*q + 3*y = 248. Is q composite?
False
Let i(n) = 3*n**3 + 3*n**2 - 14*n - 1. Is i(5) composite?
False
Let w = -6793 + 23340. Is w prime?
True
Let n be 3 + (0/(-5) - 0). Suppose 4*b = -5*y + n, -b - 3*y + 7*y = -6. Is 290/b - (-5 + 1) composite?
False
Suppose -a = -4*a - 5*w + 35, -w - 6 = -2*a. Suppose 4*r = -4*u + a*r + 1755, 3*u - 1300 = 4*r. Suppose 2*h + 3*n = u, 2*h - n - 444 = -2*n. Is h prime?
True
Let o be (-2)/5 + (-29310)/(-25). Suppose 6*b + o = 10*b. Is b a composite number?
False
Suppose d - j + 17299 = 6*d, 3*j = -3. Suppose -5*b = -3*b - 5*h - d, -2*h = -4. Is b a prime number?
False
Suppose i + 193748 = 4*x + 35148, 3*i = x - 39639. Is x prime?
False
Suppose 11*y - 82078 = 42783. Is y prime?
True
Let c = -201 - -690. Suppose -5*z + c = -611. Let x = 153 + z. Is x prime?
True
Suppose y + 5*o = 3*o - 1, 0 = -4*y - 5*o - 10. Is (-72)/120 - 268/y composite?
False
Suppose 2*n = 6*n - 8. Let x be 9 + -10 - (-3154)/n. Suppose -636 = -2*y + 4*p + 170, -p + x = 4*y. Is y a composite number?
True
Is (-35516)/(-3) - 5/(-15) prime?
True
Suppose -2*w - 5*y + 543 = 0, 5*w = 3*y + 1994 - 714. Is w a prime number?
False
Let o = 131 - 716. Let w = -268 - o. Is w a composite number?
False
Suppose -z = 4*k - 3593, -3*z + 62*k + 10795 = 66*k. Is z prime?
False
Let r = 7431 + -4952. Is r composite?
True
Suppose -3*h + 3*w = -7224, -3*w - 2423 = -h - 5*w. Is h composite?
True
Suppose 3*v - 4*v + 709 = 0. Is v composite?
False
Suppose 0 = -4*t + 5*c + 616, t + 0 = -4*c + 175. Let z = t - 56. Is z a composite number?
False
Suppose -n + 6 = -3*j + 2*n, -n = -3*j - 2. Suppose -q + 3*c = 2*q + 3, j = -3*q - 2*c - 13. Let y(o) = -73*o. Is y(q) prime?
False
Let j(m) = 464*m - 3. Let a(z) = -z + 1. Let y be a(-1). Let l be j(y). Is l/(-15)*(-2 + -1) a composite number?
True
Suppose z = 3*j - 341, -2*z = 5*j + 474 + 241. Let h = 555 + z. Is h prime?
False
Suppose -2*x + 25717 = -24273. Is x prime?
False
Suppose -5*v + 3*m + 10428 = -2975, 5358 = 2*v - 2*m. Is v a prime number?
True
Suppose -i - 1 = 0, -3*s + 4*i = s - 1560. Let d = -274 + s. Is d a prime number?
False
Suppose -122581 = -2*z - 3*i, 7*i - 122601 = -2*z + 8*i. Is z a composite number?
True
Let n = -8072 + 39749. Is n a composite number?
True
Suppose -4*z = -5*w + 14, 4*w - z - 4*z - 4 = 0. Suppose 19177 = 4*h + 5589. Is h/7 - w/21 a composite number?
True
Suppose 0*w - 25*w = -234775. Is w composite?
False
Let h(x) = -45*x + 12. Let q be h(-17). Suppose 5109 - q = -6*v. Let c = 1013 + v. Is c a prime number?
False
Let u(q) = -7*q. Let m = 57 - 36. Let w be ((-14)/m)/(2/21). Is u(w) prime?
False
Let j be (-2)/(4/(-10)*-5)*-1153. Suppose -4*y - j = -3*g, -g + 1512 = 3*g + y. Is g composite?
False
Suppose 4*y + 730 = 5*v - 3*v, 2*y + v = -355. Let z = y + 511. Is z composite?
False
Let s be 4/(-8) + (-1)/(-2). Suppose -y = -0*y - 3*c, s = 3*y + c. Suppose y = a - 50 - 113. Is a a composite number?
False
Let t be (-323)/3 + 4/6. Let f be (-4)/(-18) - (-6832)/36. Let s = t + f. Is s a prime number?
True
Let k = 35435 - 19956. Is k prime?
False
Suppose -11*u + 16 = -7*u. Let p(m) = 18*m**2 - 4*m - 5. Is p(u) a composite number?
True
Suppose -3*m + 4310 + 2401 = 0. Is m prime?
True
Let x be -5*(-8)/140*7. Is 780 - 2*(-1)/x a prime number?
False
Let n = 8030 - 2883. Is n composite?
False
Let y = -3944 - -9879. Is y a composite number?
True
Suppose 2*q - 8 = 18. Suppose -q*u = -9*u - 212. Is u prime?
True
Let g(w) = 14*w**2 - 26*w - 9. Let s be g(-17). Let v = -2599 + s. Suppose -4*f + 5*p = 4*p - 1497, 5*f - 3*p - v = 0. Is f prime?
True
Let s(j) = -j**3 - 8*j**2 - 9*j - 6. Let w be s(-7). Suppose 0 = 10*y - w*y - 662. Is y prime?
True
Suppose 2*s + 0*s = -5*x + 7, -4*s + 2*x = -50. Suppose -12*i + s*i + 2 = 0. Suppose -c - i*y - y + 1 = 0, -2*y = 2*c - 10. Is c a prime number?
True
Let t = -10802 - -19303. Is t composite?
False
Let t = -13 - -8. Let n(g) = -16*g**2 - 7*g + 1. Let s(o) = -15*o**2 - 6*o. Let c(y) = t*s(y) + 4*n(y). Is c(-3) a prime number?
True
Let u = 1603 + -971. Let x = u - -69. Is x a prime number?
True
Let n(d) = 11*d**2 + 7*d + 5. Let m be n(-6). Let k be m + (4 - (1 + -1)). Suppose -4*p + p = -k. Is p prime?
False
Let b be 3/(-24) - (-12405)/40. Let s = 219 + b. Is s prime?
False
Let v be (1 + -3 + 2)/1. Suppose 0 = 5*i - 3*i - 4*m + 172, 3*i - 2*m + 242 = v. Let h = i + 233. Is h a prime number?
False
Let w(q) = q**2 - q. Let t(p) = 12*p**2 + 7*p + 26. Let i(g) = t(g) - 5*w(g). Is i(9) a prime number?
True
Suppose c + d - 3 = 45, 5*c - 2*d = 233. Suppose 71*w - 224 = 55*w. Suppose -f - w = -c. Is f a composite number?
True
Suppose 4*p = 22 + 42. Let w = p - 13. Is 6*144/4 + w a composite number?
True
Let a(c) = -c**3 + 3*c**2 + 2*c - 12. Let g be a(-8). Let m = g + -463. 